 Suppose -z = -3*n + 724. Calculate the highest common divisor of 14 and n.
14
Let v(a) = 5*a - 97. Let l = -115 - -141. Let c be v(l). Calculate the highest common factor of c and 6.
3
Suppose 0 = -3*a - 1 - 11. Let r be ((-15)/2)/(2/a). Let q = -291541 - -291547. What is the highest common factor of r and q?
3
Let p = 1044 - 959. Suppose j = -2*d + 23, -3*j - 5*d + 71 = 5. What is the highest common divisor of p and j?
17
Suppose 0*l = -3*l + 396. Suppose -9*o = -0*o + o - 240. What is the greatest common factor of o and l?
12
Suppose 0 = 2*o + 2*j - 6414, 13*o + 12854 = 17*o - 9*j. Calculate the greatest common factor of o and 1.
1
Let q = -14496 - -15136. Calculate the greatest common divisor of q and 2000.
80
Let p(s) = 28*s - 2. Let x be p(2). Let z(b) = 10*b**2 + 0*b + b - 3 + b. Let n be z(-3). What is the greatest common factor of n and x?
27
Let b be (-9472)/(-20) - ((2 - 78/(-30)) + -5). What is the greatest common divisor of b and 30?
6
Suppose -14*j + 7*j - 4*n = -10*j + 675, 0 = -5*n. Calculate the highest common divisor of j and 50.
25
Let l(r) = -11*r - 12. Suppose 3*j + j = -3*t - 179, -2*t + 4*j - 86 = 0. Let w = t - -45. Let c be l(w). Calculate the highest common divisor of 19 and c.
19
Let w(d) = d**3 - 41*d**2 + 204*d - 64. Let h be w(36). What is the greatest common divisor of 440 and h?
40
Suppose 2 = -36*p + 1010. Calculate the greatest common factor of p and 448.
28
Let n(m) = -7*m - 11. Let q be n(-2). Suppose 38*z - 37*z - 84 = -3*l, -2*l = -q*z + 252. What is the greatest common factor of 72 and z?
12
Let j = 1575 + 985. Calculate the greatest common factor of j and 10.
10
Let f(z) = -37*z - 102. Let u be f(-6). Suppose -16*i + 1052 = 668. What is the greatest common divisor of u and i?
24
Let g = -22 + 34. Suppose -784 = -6*o - 2470. Let r = o + 305. What is the highest common divisor of r and g?
12
Let g(l) = 4*l**2 + 32*l + 2. Let s be g(-8). Suppose -r - s*n + 101 + 73 = 0, -r + 195 = -5*n. Calculate the highest common factor of r and 45.
45
Let u = 7151 + -6944. What is the highest common divisor of 3243 and u?
69
Let m be (-4)/(-42) - 0 - (-189290)/483. What is the highest common divisor of m and 16?
8
Suppose -5*q + 2*g = -2 + 1, 3*q - 1 = g. Let y be (q/(-1))/(8/(-56)). Suppose 5*p + 12 = y*p. Calculate the highest common divisor of 78 and p.
6
Let f be ((-8)/8)/(4/162)*(-2176)/17. Calculate the highest common divisor of 81 and f.
81
Let a(c) = 52*c + 2091. Let s be a(-38). Calculate the highest common factor of 667 and s.
23
Suppose -69 + 69 = -2*q. Suppose -3*h - 3*i - 16 = 2, 3*h - i + 30 = q. Let t = h - -35. Calculate the highest common factor of t and 26.
26
Let v = 1081 + -744. Suppose -3665 = -4*a - v. What is the highest common divisor of 52 and a?
52
Suppose 42*f - 3*f = 17*f - 792. Let s = -2 - -5. Let w be (-570)/f + s/18. What is the greatest common factor of 80 and w?
16
Let s be (-15759)/102*896/(-21). Calculate the greatest common factor of s and 618.
206
Let d = -145 + 221. Let h(q) = -2*q**3 - 4*q**2 - 27*q - 89. Let l be h(-6). What is the greatest common factor of l and d?
19
Let x be (-104)/6*(-225)/150. Suppose 16*k - x*k = -2100. Calculate the greatest common divisor of 315 and k.
105
Suppose 4*n = -3*v + 194 - 608, -n - 3*v - 99 = 0. Let j be (44/(-55))/(2 + 211/n). What is the highest common divisor of j and 24?
12
Let r(a) = -5*a**3 + 6*a**2 + 8*a + 18. Let z be r(-3). Let w(k) = 22*k**2 + 16*k - 2. Let b be w(3). What is the greatest common divisor of z and b?
61
Let j(w) = 36*w**2 - 99*w + 27. Let x be j(10). Calculate the greatest common divisor of x and 9.
9
Let r be (-18560)/725*(-250)/4. Calculate the greatest common divisor of r and 50.
50
Let r be (-40)/3780*-21 - (-817)/9. Calculate the highest common factor of r and 39.
13
Suppose 2*i + 64 = 2*k + 160, -2*k + 300 = 7*i. What is the highest common divisor of i and 45452?
44
Let v be 288/80 + 2*3/15. Let w be (v + 0 - 4) + 102. Calculate the highest common divisor of w and 17.
17
Suppose 0 = 6814*u - 6800*u - 99190. What is the greatest common factor of 65 and u?
65
Suppose -25*a - 1230 = -31*a. Suppose -265 + 1120 = 4*o + 5*d, o - a = -3*d. Calculate the highest common factor of 20 and o.
20
Suppose 19*x - 3342 = -3247. Let v(t) = t**3 - t**2 + 3*t. Let s be v(5). Calculate the greatest common divisor of x and s.
5
Let m be (-8)/12 - (-224)/3. Let t be 2 + 2 + (-3)/(3/5). Let v be t/2 + 13/(234/675). Calculate the greatest common divisor of m and v.
37
Let h be (-45)/(-120) + (2484/(-96))/(-3). Let g be (-1073)/(-7) + 2/(-7). What is the highest common factor of g and h?
9
Let d(z) = -79*z + 2046. Let m be d(9). Calculate the greatest common divisor of 15 and m.
15
Let d(n) = 11*n**3 - n + 2. Let g(z) = z**3 - 4*z**2 + 3*z + 1. Let q be g(3). Let r be d(q). Let a = -5 - -17. Calculate the highest common factor of r and a.
12
Let i(l) = -795*l + 5023. Let y be i(6). What is the highest common divisor of 27577 and y?
253
Let j be ((-160)/44)/(2171/(-143) + 15). Let f = 14 + -4. Calculate the highest common divisor of f and j.
10
Suppose 3*o = n + 453 - 182, -3*o + 275 = -5*n. Calculate the highest common factor of o and 4410.
90
Suppose 0 = 4*i, 10*h - 4*i = 6*h + 68. What is the highest common divisor of h and 1207?
17
Let t(j) = -720*j**3 - 3*j**2 - 439*j - 869. Let g be t(-2). Calculate the highest common factor of 285 and g.
57
Suppose 15 = -5*u - 5*d, -u + 6*d - 8*d + 2 = 0. Let l be (u/12 - -1)*66. What is the highest common divisor of l and 6?
2
Let a be 0 + (-35)/5*8088/28. Let t be (-128)/(-18) - 7 - a/27. Calculate the greatest common factor of 3 and t.
3
Suppose 178*p + 58632 = 96536 + 131018. Let g(s) = -25*s - 2. Let l be g(-3). What is the greatest common factor of l and p?
73
Let n be (-3)/((-1 - 1)*(-99)/(-132)). Suppose -112 = -n*c + 4*r + 40, 82 = c + r. What is the greatest common divisor of c and 128?
16
Let y = -356 - -785. Let d = -255 + y. What is the greatest common factor of d and 6?
6
Let v(y) = y**3 + 57*y**2 - 27*y**2 + 14*y + 4 - 15*y**2. Let n be v(-14). What is the highest common factor of 4 and n?
4
Let c(d) = 33*d - 40422*d**2 + 11*d**3 - 17 + 40406*d**2 - 12*d**3. Let p be (1/2)/((-1)/36). Let k be c(p). Calculate the greatest common factor of 185 and k.
37
Let h(k) = 109*k**2 - 1180*k - 11. Let w be h(11). Calculate the highest common factor of w and 342.
18
Let t(l) = l + 12. Let y be t(-8). Suppose 0*d + 6*d + 32 = 8*d. Calculate the highest common factor of d and y.
4
Suppose 4*a + 123 - 1339 = 0. Let h = a + -150. What is the highest common divisor of h and 55?
11
Suppose -7*b - 7 + 28 = 0. Suppose -1636 = -2*q + u, 2*u = b*q - 2716 + 261. Calculate the highest common factor of 19 and q.
19
Let p(q) be the second derivative of -q**5/20 + 3*q**4/4 - 7*q**3/3 + 35*q**2/2 + 33*q - 2. Let t be p(7). Calculate the highest common factor of 140 and t.
35
Let x(o) = o**3 - 32*o**2 - 171*o - 6. Let u be x(37). Calculate the greatest common divisor of u and 96.
32
Let q = 6814 - 4692. Suppose -q = -17*j + 7993. Calculate the greatest common divisor of 35 and j.
35
Let c = -1544 + 11754. Calculate the greatest common divisor of 10 and c.
10
Let v(l) = 9*l - 60. Let k be v(7). Let u(h) = -h**2 - 4*h - 3. Let x be u(-2). Let i be 3*(28/x + k). Calculate the greatest common divisor of i and 31.
31
Suppose -5*k + 0*x + 25 = 3*x, -2*k + 5*x = -10. Suppose 0 = -k*l + 13 - 8. Let m(d) = -d + 7. Let q be m(0). What is the highest common factor of l and q?
1
Let c be (-3)/(-12) + 353/8*-2. Let j be 6/(-9)*(c + 1). Let r = 100 - j. Calculate the highest common factor of r and 7.
7
Suppose -2*k + 43 = l, -3*l + 53 = 2*k - 4*l. What is the highest common factor of k and 522?
6
Let k = 25372 + -25274. What is the greatest common factor of 2786 and k?
14
Let k(s) = 3*s**2 - 76*s - 344. Let m be k(-4). What is the highest common divisor of m and 3144?
8
Let k(b) = -b**3 + 2*b**2 + 14*b - 4. Let x be 8/(-5)*(-115)/46. Let d be k(x). What is the highest common divisor of d and 500?
20
Suppose 0 = -v + 2*t + 4, 0 = 3*v + 2*t + 20. Let p(n) = -2*n**3 - 8*n**2 - 5*n + 19. Let k be p(v). What is the highest common divisor of 195 and k?
39
Let k = 2681 - 2627. Calculate the greatest common divisor of 864 and k.
54